te f(i).
-29
Let z(g) = g**2 - 9*g + 10. Suppose 27*n - 72 = 30*n. Let b be n*-6*(-3)/(-24). Suppose 4*h + b = 6*h. Calculate z(h).
10
Let s be (-2382)/(-42) - 6/(-21). Let k = -50 + s. Let q = k + -19. Let b(g) = -g - 15. Give b(q).
-3
Let i be (45/(-27))/(-4 - (-67)/18). Let s(a) = -13*a - 21. Let b(d) = 4*d + 7. Let m(x) = 7*b(x) + 2*s(x). What is m(i)?
19
Let o(a) be the second derivative of a**6/120 - a**5/60 + a**4/24 - a**3/6 + 11*a**2 + 23*a + 4. Let d(q) be the first derivative of o(q). What is d(-3)?
-40
Let d(i) = -i - 6. Let a be d(-3). Let h(l) be the third derivative of l**5/60 - l**4/12 - 2*l**3/3 + 24671*l**2. What is h(a)?
11
Let b(d) = -d**3 - 10*d**2 - 10*d - 5. Let h(g) = -g**3 - 10*g**2 - 16*g - 10. Let n be h(-5). Let a be 4/(-22) + 485/n. Calculate b(a).
4
Let m = 5731 + -5737. Let f(l) = -6*l + 11. What is f(m)?
47
Let y(s) = 494 - 246 - 6*s**2 - 13*s - 247 - 15*s. Determine y(-5).
-9
Let h = -5455 - -5463. Let v(z) = -2*z**3 + 16*z**2 + 2*z - 7. Determine v(h).
9
Let j(d) be the first derivative of 6*d**2 - 2*d + 876. What is j(0)?
-2
Suppose 11*f - 60 = f. Let p(h) = 0*h + h + 2*h + 4*h - f*h + 3. Give p(-3).
0
Let t(z) = z**2 - 16*z + 7. Let m(n) = -3*n**2 + 35*n - 14. Suppose 0*b + b - 3*k = 7, -3*b - k - 9 = 0. Let q(x) = b*m(x) - 5*t(x). What is q(-11)?
4
Let h(y) = 36 + 32 + 39 - y + 32 - 140. Suppose 5*q = 2*t + 23, q + 3*t + t + 13 = 0. Determine h(q).
-4
Let h(x) be the third derivative of 7*x**6/120 + x**5/30 + x**4/12 - 1882*x**2. Determine h(-2).
-52
Let k(a) = -a**3 + 26*a**2 + 3*a - 85. Let m = 1326 - 1300. What is k(m)?
-7
Let u(s) = 1347 - 1143*s - 1010*s + 3292*s - 971*s. Calculate u(-8).
3
Let u be ((-6)/(-4))/(3/30). Let h(v) = 9*v + 12. Let d(x) = x - 1. Let m(n) = 6*d(n) - h(n). Let q(z) = -1. Let b(o) = u*q(o) - m(o). What is b(-5)?
-12
Let l(d) = -3 + 3*d**2 + 5 - 6*d**3 + 8*d - 4*d**2 + 4*d**2 + 4. Determine l(-1).
7
Suppose z - 32 = -3*v - 48, -5*v + 4*z = 21. Let c(t) = -t. Let u(f) = 3*f + 5. Let a(n) = -5*c(n) - u(n). Give a(v).
-15
Let d(i) = -i**3 - 1. Suppose -4*u - 5*a = 5, -u + 23*a + 2 = 21*a. Calculate d(u).
-1
Let k be 10/(-25) - ((-1)/(-3))/(345/(-2484)). Let t(i) be the second derivative of 1/12*i**4 + 0 + 1/3*i**3 - 13*i + 1/2*i**k. Calculate t(2).
9
Let g(v) = 1 + 45*v - 36*v + 0*v - 41*v - 10. Calculate g(3).
-105
Let a(o) = -o**2 - 6*o + 3. Let z(c) = -c**2 - 8*c + 4. Let g = 9 + -15. Let p(d) = g*a(d) + 5*z(d). Let b(l) = l**3 - 4*l**2 + 5. Let f be b(4). Give p(f).
7
Suppose 2*k = d - 17, -4*d = -0*d + 2*k - 28. Let g(r) be the first derivative of r**3/3 - 4*r**2 + 4*r + 6496. What is g(d)?
13
Let z(a) = 31*a - 224. Suppose 353 = -47*f + 682. What is z(f)?
-7
Let r(g) = g**2 - 7*g - 2. Let m be (-2)/(-3) + 80/15. What is r(m)?
-8
Let m be 588/(-70) + 9 + (-63)/5. Let v(c) = 3*c - 20. Let b(j) = -4*j + 21. Let h(d) = -5*b(d) - 6*v(d). Calculate h(m).
-9
Let v(x) = -138*x + 291. Let s(u) = 41*u - 86. Let t(k) = 27*s(k) + 8*v(k). Suppose 1 = -4*m - 19. Determine t(m).
-9
Let m(i) = -2 + 1 - 4*i - i**2 - i**3 - 3*i**2. Let u(k) = k**3 - k**2 - 16*k - 3. Let a be u(-5). Let z = 70 + a. Calculate m(z).
2
Suppose 56 = 2*w - 5*n, -w = -5*n + 12 - 30. Let a(b) = -39 + w + 6*b**2 - 5*b**2. Suppose 0 = -0*j - 3*j - 3. Give a(j).
0
Let d(k) = -k - 12. Let x(w) = -w - 10. Suppose 0*v = 4*v - 3*h + 5, -4*h = v + 25. Let l(a) = v*d(a) + 6*x(a). Calculate l(5).
-5
Let p(z) = z**3 - 10*z**2 + 11*z - 20. Let n be 3 + (-118)/5*45/18. Let t = n - -65. Determine p(t).
-2
Let j(k) = k**3 + 9*k**2 + 4*k + 8. Let a be 33/(8976/(-2006)) + (-6)/(-16). Determine j(a).
78
Let g(t) be the third derivative of -t**4/8 - 5*t**3/3 - t**2. Suppose 0 = 5*m + 5*f, -5*f + 862 = 3*m + 848. Give g(m).
11
Let a(h) = -225*h + 494*h - 274*h - 26. Determine a(-6).
4
Let x(a) = a**3 + 9*a**2 - 4*a**2 + 4 - 10*a**2 + 2*a. Suppose -y + 2*y = 2*j - 8, 5*j - y - 23 = 0. Suppose -13 = 2*m - j*m + p, 5 = 3*m + p. Determine x(m).
-8
Let u(y) be the third derivative of -11*y**2 - 1/8*y**4 + 0*y + 1/3*y**3 + 0. Suppose 0*d - 2*d = -8. Give u(d).
-10
Let q(k) be the first derivative of k**3/3 - 3*k**2 + 4*k - 777. Determine q(9).
31
Let c(t) = -t**2 + 7*t - 11. Let h(m) = -m**2 - m - 1. Let l(w) = -c(w) + 2*h(w). Suppose -4*a + 3*o - 30 = 0, 3*a + 15*o = 10*o - 37. Calculate l(a).
9
Suppose 369 + 188 = 40*n - 203. Let h(t) = -t**2 + 26*t - 136. Calculate h(n).
-3
Let q(l) = 2*l**2 - 6*l - 13. Let g(u) = u**2 - 3*u - 6. Let x(o) = -9*g(o) + 4*q(o). Let n be (14 + 2)*(2 - 1). Suppose -10*j - n = -14*j. Determine x(j).
-2
Suppose -102*d + 5*y - 9 = -98*d, 0 = -3*d - 4*y + 1. Let n(z) = 4*z**3 - 2*z - 3. What is n(d)?
-5
Let t(f) be the second derivative of 2/3*f**4 + f - 5/6*f**3 - 1/20*f**5 - 61 - 5/2*f**2. Determine t(6).
37
Suppose 0*l = 3*l - 42. Let r(z) = 39*z + 0*z**2 + l - 28 + 2*z**2. Let m be r(-20). Let s(c) = c**3 - 6*c**2 + 2*c - 8. What is s(m)?
4
Suppose 381 = 4*m + 2*y + 3*y, 0 = m - 4*y - 111. Let o = -94 + m. Suppose g - 3 = -t - 0*g, -o*t + 4*g = -33. Let p(l) = -l + 7. Calculate p(t).
2
Let g(w) = -w**2 + 7*w + 26. Let d be 30/(-8) + 4 + (1 - 279/(-36)). Determine g(d).
8
Let j(p) = -2*p + 39. Let g(u) = 17*u - 345. Let a(r) = -g(r) - 8*j(r). Calculate a(-5).
38
Suppose -3*a - 8 = -b, 4*a - 5*b + 11 + 18 = 0. Let q be (-35)/14 - (0 - a/(-2)). Let v be (-5)/q*2*-1. Let d(f) = 2*f - 3. What is d(v)?
-13
Let o(a) be the third derivative of a**5/60 + 7*a**4/24 - 25*a**3/6 + 941*a**2 + 1. Give o(-9).
-7
Let w(c) = 2*c - 6. Let a(p) = -2*p**3 + 3*p**2 - 21*p + 22. Let n be a(2). What is w(n)?
-54
Let u = 225 + -384. Let z = 157 + u. Let y(s) = -5*s**2. Give y(z).
-20
Let y(k) = k + 373 + 291 - 650. Calculate y(-13).
1
Let f(o) = 14*o - 8. Suppose 4*v + 109 = 4*a - 0*v + 105, 0 = 5*v. What is f(a)?
6
Let v(c) = c**3 - 5*c**2 - 7*c + 14. Let o(z) = -z**3 + 59*z**2 + 69*z - 534. Let t be o(60). Give v(t).
8
Let y(d) = 4*d - 10. Suppose 2*c = m + 4*m - 18, 5*m + 5*c = 25. Let u be y(m). Let t(k) = k**3 - 7*k**2 + 5*k - 2. Calculate t(u).
-8
Let m(a) = a - 11. Let l be m(14). Suppose l*t = -38 + 53. Let r(o) = o**3 - 5*o**2 + o - 3. Calculate r(t).
2
Let d(q) = 5*q**2 + 2*q - 6. Let j(t) = -t**2 + 2*t - 1. Let x(c) = c**3 - 17*c**2 + 31*c - 19. Let f be x(15). Let b(a) = f*j(a) - d(a). What is b(-11)?
-1
Let j(b) be the third derivative of b**5/30 - 15*b**4/4 - 91*b**3/3 - 5414*b**2. What is j(47)?
6
Let p = -59 + 54. Let x(f) = f**2 + 2*f + 2. Let d be x(-1). Let g(q) = -q**2 + d + 5*q - 4 + 4*q**2 - 2*q**2. What is g(p)?
-3
Let x = -55541 + 55547. Let q(n) be the second derivative of n**4/24 - 5*n**3/3 + n**2/2 + n. Let s(l) be the first derivative of q(l). What is s(x)?
-4
Suppose 2*w + 365*j - 364*j = 20, 2*w + 5*j = -4. Let k(d) = -d**2 + 9*d + 58. Give k(w).
6
Let p(f) = -24*f - 331. Let r(y) = 6*y - 26. Let n be r(2). Give p(n).
5
Let a(u) be the second derivative of -1/6*u**3 - 9 + 2*u**2 + 2*u. Determine a(5).
-1
Let x(k) = k**3 - 7*k**2 + 8*k - 2. Suppose -3*a - 20*y = -18*y - 21, 3*a = -3*y + 24. What is x(a)?
-12
Let v(p) be the second derivative of -3*p + 0 - 4/5*p**5 - 1/3*p**3 + 0*p**4 - 1/2*p**2. Let j = -20300 + 20299. Determine v(j).
17
Let w(o) = -o**3 + 77*o**2 - 150*o - 1. Let r be w(75). Let k(b) = 15*b**2 - 8*b + 7*b + 15 - 11 - 5. Determine k(r).
15
Suppose -3*t = t + 8, 4*i + 4*t - 12 = 0. Let k(c) = 6*c + 2 - 6*c**2 - 3 + 9. Let y(r) = -5*r**2 + 5*r + 9. Let a(j) = i*y(j) - 4*k(j). Determine a(0).
13
Suppose 0 = -2*i + 4 + 6. Suppose -i*y + 11 = t - 0*y, 4*y = -3*t + 33. Let w be 4/18 + t*5/(-45). Let k(c) = 10*c**2 - 1. Give k(w).
9
Let n(i) = -i. Suppose 0 = 4*j - 2*l - 950, 102 = 3*j - l - 608. Let z = j + -228. Calculate n(z).
-7
Let c(v) = 7*v - 18. Let h(r) = -2. Let y(n) = 2*c(n) - 18*h(n). Suppose -7 = 4*f - 3*b, 12*f - 4*b = 10*f - 6. Determine y(f).
-14
Let b(y) = 7*y + 41. Let z(x) = -x + 63. Let v(u) = -b(u) - z(u). Calculate v(-16).
-8
Let c(w) = -3*w**3 - 6*w**2 + 6*w + 13. Suppose -39*p + 141 = -86*p. Calculate c(p).
22
Let o(f) = f**3 - 9*f**2 - 16*f + 37. Let z(m) = -1204*m + 8438. Let n be z(7). Calculate o(n).
-23
Let v(o) = -4*o**2 + 7*o + 145. Let l be v(7). Let s(y) = -21*y - 15. Determine s(l).
27
Let r(c) = -801*c - 4817. Let s be r(-6). Let l(b) = -2*b - 6. What is l(